{"id":764,"date":"2025-11-12T19:55:52","date_gmt":"2025-11-12T18:55:52","guid":{"rendered":"https:\/\/cybersecuritysumm.it\/booking\/?post_type=product&#038;p=764"},"modified":"2025-11-12T20:03:22","modified_gmt":"2025-11-12T19:03:22","slug":"764","status":"publish","type":"product","link":"https:\/\/en.cybersecuritysumm.it\/booking\/shop\/764\/","title":{"rendered":"Matcha Bar"},"content":{"rendered":"<p data-start=\"0\" data-end=\"246\">Verw\u00f6hnt eure Besucher mit frisch zubereiteten Matcha-Drinks und schafft belebende Begegnungen direkt an eurem Stand! Die Matcha Bar wird nahtlos in euren Summit-Auftritt integriert und sorgt garantiert f\u00fcr Aufmerksamkeit und positive Stimmung.<\/p>\n<p data-start=\"248\" data-end=\"464\">Inklusive: 6 m\u00b2 zus\u00e4tzliche Fl\u00e4che, komplettes Equipment, individuelles Branding, erfahrenes Personal \u2013 sowie 400 Portionen f\u00fcr zwei Tage.<br data-start=\"386\" data-end=\"389\" \/>Mehr Genuss gef\u00e4llig? 100 zus\u00e4tzliche Portionen sind f\u00fcr 475 \u20ac zubuchbar.<\/p>\n<p data-start=\"466\" data-end=\"542\" data-is-last-node=\"\" data-is-only-node=\"\">Startet jetzt mit einem erfrischenden Highlight und maximaler Pr\u00e4senz durch!<\/p>\n","protected":false},"excerpt":{"rendered":"<p>Verw\u00f6hnt eure Besucher mit frisch zubereiteten Matcha-Drinks und schafft belebende Begegnungen direkt an eurem Stand! Die Matcha Bar wird nahtlos in euren Summit-Auftritt integriert und sorgt garantiert f\u00fcr Aufmerksamkeit und positive Stimmung. Inklusive: 6 m\u00b2 zus\u00e4tzliche Fl\u00e4che, komplettes Equipment, individuelles Branding, erfahrenes Personal \u2013 sowie 400 Portionen f\u00fcr zwei Tage.Mehr Genuss gef\u00e4llig? 100 zus\u00e4tzliche Portionen&hellip; <a class=\"more-link\" href=\"https:\/\/en.cybersecuritysumm.it\/booking\/shop\/764\/\">Continue reading <span class=\"screen-reader-text\">Matcha Bar<\/span><\/a><\/p>\n","protected":false},"featured_media":0,"comment_status":"closed","ping_status":"closed","template":"","meta":[],"product_brand":[],"product_cat":[34],"product_tag":[],"class_list":{"0":"post-764","1":"product","2":"type-product","3":"status-publish","5":"product_cat-branding-en","6":"entry","8":"first","9":"outofstock","10":"sold-individually","11":"taxable","12":"shipping-taxable","13":"purchasable","14":"product-type-simple"},"_links":{"self":[{"href":"https:\/\/en.cybersecuritysumm.it\/booking\/wp-json\/wp\/v2\/product\/764","targetHints":{"allow":["GET"]}}],"collection":[{"href":"https:\/\/en.cybersecuritysumm.it\/booking\/wp-json\/wp\/v2\/product"}],"about":[{"href":"https:\/\/en.cybersecuritysumm.it\/booking\/wp-json\/wp\/v2\/types\/product"}],"replies":[{"embeddable":true,"href":"https:\/\/en.cybersecuritysumm.it\/booking\/wp-json\/wp\/v2\/comments?post=764"}],"wp:attachment":[{"href":"https:\/\/en.cybersecuritysumm.it\/booking\/wp-json\/wp\/v2\/media?parent=764"}],"wp:term":[{"taxonomy":"product_brand","embeddable":true,"href":"https:\/\/en.cybersecuritysumm.it\/booking\/wp-json\/wp\/v2\/product_brand?post=764"},{"taxonomy":"product_cat","embeddable":true,"href":"https:\/\/en.cybersecuritysumm.it\/booking\/wp-json\/wp\/v2\/product_cat?post=764"},{"taxonomy":"product_tag","embeddable":true,"href":"https:\/\/en.cybersecuritysumm.it\/booking\/wp-json\/wp\/v2\/product_tag?post=764"}],"curies":[{"name":"wp","href":"https:\/\/api.w.org\/{rel}","templated":true}]}}